(x)?
3
Let i(x) = 7*x**2 + 36*x - 167. What are the prime factors of i(8)?
569
Suppose 208 = b + 3*b. Let d = -12 + b. List the prime factors of d.
2, 5
Suppose -9*d + 7*d = 2*m - 8738, 2*m = 5*d + 8717. List the prime factors of m.
2, 37, 59
Suppose -n + 392 = 3*i, 0*i - 2*n = i - 129. Suppose 719 = 7*b + i. What are the prime factors of b?
2, 3, 7
Let u = 21 + -27. Let b be (-2)/3 - 40/u. Suppose -j - b = -15. What are the prime factors of j?
3
Suppose -120*d + 117*d = -252. Let x = 96 - d. What are the prime factors of x?
2, 3
List the prime factors of (-1 + -96)*(-26 - -24)*7.
2, 7, 97
Let j be (-7)/(-7) + -1 + -1. Let g be -2*39/6 - j. Let y = g + 17. List the prime factors of y.
5
Suppose 3*g - 48*x = -43*x + 3441, 4*g + 3*x = 4617. What are the prime factors of g?
2, 3
Suppose -1542 = -0*p - 2*p. Suppose p = 5*t - 594. What are the prime factors of t?
3, 7, 13
Let c(k) be the second derivative of -k**5/20 - 5*k**4/4 - k**3/3 + 6*k**2 + k - 23. List the prime factors of c(-16).
2, 3, 5
Suppose 3*z + 26 = 7*z - 3*j, -j = 2. Suppose -4*b - z*k + 5 = 0, -4 = b - k + 4*k. List the prime factors of b.
5
Let y be 1 + -1 - (0 + -1) - -1. Suppose y*h = -u + 325, -2*h + u = 113 - 428. What are the prime factors of h?
2, 5
List the prime factors of -3 + 88/24 - (-1120)/3.
2, 11, 17
Suppose 0 = -3*h + 52 + 95. Let u be h/2 - 2/(-4). Let z = u - 17. What are the prime factors of z?
2
Suppose -o = 13 - 9. List the prime factors of (-310)/o*66/55.
3, 31
Let y(v) = -3*v + 10. Suppose -25*n = -20*n. What are the prime factors of y(n)?
2, 5
Let j be (15 + 7)*(-10)/4. Let k = 106 + j. What are the prime factors of k?
3, 17
Let s = 92 - 2. What are the prime factors of s?
2, 3, 5
Suppose -128*a + 1863 = -127*a. List the prime factors of a.
3, 23
Suppose 3*z - 2*h + 5 = 0, 3*z + 2*h + 4 = 3*h. Let n be (z/3)/(1/(-39)). Suppose 2*v = -2*f + 22, 3*f + 2*f = -2*v + n. What are the prime factors of v?
2, 7
Suppose -17*z - 16627 = -59654. List the prime factors of z.
2531
Let c(l) = 7*l**2 + 4*l + 5. List the prime factors of c(-6).
233
List the prime factors of -1 - 6 - (-72 + -729).
2, 397
Suppose -3*l - 2*g - 2 = 3*g, -5*l - 5*g + 10 = 0. Suppose 432 = -3*d + l*d. What are the prime factors of d?
2, 3
Let m = -10 - -22. Let w = 12 - m. Suppose w*j - 5 = -j. List the prime factors of j.
5
Suppose -w + 750 = w. Suppose 9*c - 6*c = w. Suppose -c = -4*h - h. What are the prime factors of h?
5
Let b(p) = 51*p**2 - 21*p - 68. List the prime factors of b(-4).
2, 13
Suppose -33*u + 902 = -32*u. What are the prime factors of u?
2, 11, 41
Let f be -2*2*(-98)/8. Suppose -28 = 13*u - 12*u. Let g = u + f. List the prime factors of g.
3, 7
Suppose -30*a - 11*a = -74866. What are the prime factors of a?
2, 11, 83
What are the prime factors of (-9072)/(-360)*(-370)/(-6)?
2, 3, 7, 37
Suppose 7*y - 22*y + 7755 = 0. What are the prime factors of y?
11, 47
Suppose -5 = -h - 2*d, h - 3*h - 8 = -5*d. Suppose 0 = -2*f - h + 39. What are the prime factors of f?
19
Suppose 0 = 3*g - 2*g - 6. Suppose g*a - 1 = 7*a. What are the prime factors of (-11 + 4)/(1/a)?
7
Let t(c) be the third derivative of -c**5/60 - c**4/24 + 7*c**3/6 - 27*c**2. Suppose 5*o + 0*o = 0. List the prime factors of t(o).
7
Let d be 15*(8/(-12))/(-2). Let y(p) = -70*p + 6. Let c be y(-2). Suppose -d*n = 2*b - c + 36, -2*b = 0. What are the prime factors of n?
2, 11
Let l(r) = r + 10. Let h be l(-3). Let u(i) = i**3 - 8*i**2 + 11*i - 12. List the prime factors of u(h).
2
Let a be 1/(3 - (-114)/(-39)). Suppose -4*l - 12 = 0, -k - 3*l = 2*l + a. List the prime factors of k.
2
Suppose 0 = -4*q + 3854 + 1066. List the prime factors of q.
2, 3, 5, 41
Suppose -6*b + 1433 = 29. What are the prime factors of b?
2, 3, 13
Let l = 2873 + -422. What are the prime factors of l?
3, 19, 43
Let o = -633 + 1520. List the prime factors of o.
887
Suppose 5*c - 3*k - 1560 = 804, -c + 478 = 2*k. List the prime factors of c.
2, 3, 79
Let b = -3117 + 4598. What are the prime factors of b?
1481
Let k(y) = 5*y + 20. Let d = 70 - 64. List the prime factors of k(d).
2, 5
Suppose -2*t = -10, 3*d - 2*t + 3 = -4. Suppose -9 = -5*g + d. Suppose g*a = 4*j - 72, 2*j - 5*a = -2*j + 84. What are the prime factors of j?
2
Suppose 4*v - 635 = -3*g + 1337, -5*v - 5*g = -2470. What are the prime factors of v?
2, 5, 7
Suppose -4*b = -2*p - 6574, -7409 = -5*b - p + 798. What are the prime factors of b?
2, 821
Suppose 3*j - 325 = -2*w, -3*w - 4 = -5*w. Let v be 50/13 + (16/13)/8. Suppose -v*c - 3*x = -j, -3*c - 3*x = -24 - 60. What are the prime factors of c?
23
Let d = 65 - 63. What are the prime factors of d + (-27)/15 - 1790/(-50)?
2, 3
Suppose -20*f = -21*f + 26. Let h(a) = -a + 3. Let d be h(3). Suppose f = -d*w + w. List the prime factors of w.
2, 13
Let m = 1609 + -680. List the prime factors of m.
929
Let j(d) = -d**3 + 23*d**2 + 48*d + 62. Let t be j(25). Let a be -3*(20/(-3))/1. Let r = a - t. List the prime factors of r.
2
Suppose m = 5*p - 464, 3*m - 205 - 170 = -4*p. Let o be -2 + (3 - -2 - 1). Suppose -a + p = o*a. What are the prime factors of a?
31
Suppose -35*c + 24258 = 4*c. What are the prime factors of c?
2, 311
Suppose -2*n = -6*n + 144. List the prime factors of -1 - (-5 - -1 - n).
3, 13
Suppose -j - 5*z = 8, j - 2*z + 1 - 7 = 0. Suppose 0 = j*h - 2 - 6, -5*h = -4*f + 12. What are the prime factors of f?
2
Let b(k) = 70*k. Let l be b(-3). What are the prime factors of ((-114)/(-18) + -4)/((-2)/l)?
5, 7
Let y(v) = 578*v**2 - 3*v + 3. List the prime factors of y(1).
2, 17
Let a(x) = 132*x - 142. What are the prime factors of a(5)?
2, 7, 37
Suppose 30*h = -r + 25*h + 3750, -h - 18750 = -5*r. What are the prime factors of r?
2, 3, 5
List the prime factors of 2/(-5) - 444246/(-265).
2, 419
Let m(v) = -16*v**3 + 14*v**2 + 47*v - 13. What are the prime factors of m(-5)?
2, 1051
Suppose -8*o - 1 = -7*o. Let v be (-5 - 21)/((-2)/o). Let p(s) = -2*s - 16. List the prime factors of p(v).
2, 5
Suppose 2*g = -3*b + 1411, -g = -2*b - 2*b + 1885. What are the prime factors of b?
3, 157
Let h = -28 - -27. What are the prime factors of (2/4)/(h/(-6)) + 52?
5, 11
Let k be (29 + -26)/(0 - -1). Suppose -n = -3*x - 10, -n - 2*n = 2*x - 52. Suppose -a + n = k*a. List the prime factors of a.
2
Let i(l) = -80*l. Let p be i(-9). Suppose -2*f - 724 = -4*u, 4*u - 3*f = f + p. List the prime factors of u.
2, 7, 13
Suppose 0 = -4*y + 40. Let r(q) = -q**3 + 10*q**2 + 11*q + 2. Let g be r(y). Suppose 5*u - 337 = -g. List the prime factors of u.
3, 5
Suppose 0*y - 18 = 2*c - 4*y, -5 = 3*c + 5*y. Let d(f) = -f**3 - 4*f**2 + 8*f + 5. Let p be d(c). Let v = p + 29. List the prime factors of v.
19
Suppose 9588 = 20*d + 868. What are the prime factors of d?
2, 109
Suppose -4*v + 3*b + 41 = 0, 3*v - 82 + 15 = -5*b. Suppose -4*y + v*y = 2030. What are the prime factors of y?
7, 29
Let z(t) = t**2 - 258. Let w(n) = -n**2 + 387. Let h(u) = 5*w(u) + 7*z(u). List the prime factors of h(0).
3, 43
Let z = 277 - 49. What are the prime factors of z?
2, 3, 19
Let c = -238 + -130. What are the prime factors of (c/12 - 6)*(-9)/2?
3, 5, 11
What are the prime factors of -7 - (-180)/25 - (-22272)/15?
3, 5, 11
Let a be (-6)/15 + 96/15. Let y be 0 + (-1 - 1)*a. What are the prime factors of (y - 2)*(-2)/4?
7
Let j(q) = 264*q + 6. Let y be j(2). Suppose 0 = -5*h + 151 + y. What are the prime factors of h?
137
Suppose 2*s = 50 + 34. Suppose 4*n - 102 - s = 0. What are the prime factors of n?
2, 3
Let t = -1 - -1. Suppose 2*n + 3*m - 175 = t, -4*m + 244 = 3*n - 17. What are the prime factors of n?
83
Let n(g) = 0*g - 6 + 6*g + 7 + g**2. Let q be n(-6). Let d(j) = 8*j**2 - j + 1. List the prime factors of d(q).
2
Let b be 2/5 - 46/(-10). Let g(j) be the third derivative of -j**6/120 + 2*j**5/15 - j**4/6 - 191*j**2. List the prime factors of g(b).
5, 11
Suppose v - 16488 = -11*v. List the prime factors of v.
2, 3, 229
Suppose 0 = -4*j + 4*r - r + 1928, 0 = -3*j + 5*r + 1435. List the prime factors of j.
5, 97
Let o(b) = 6*b + 3. Let k be o(1). Let s be (-5)/((-1 - -2) + 0). Let i = s + k. What are the prime factors of i?
2
Let q(w) = -w - 5. Let t be q(4). Let l be 6/t*(-3 + -3). Suppose s - 27 = l*a, 4*a + 88 = 3*s + 15. What are the prime factors of s?
23
Suppose 0 = 2*b + 17 + 21. Let 